 multiple of 9?
False
Is 40 a factor of 3176445?
False
Is 237367464 a multiple of 1047?
True
Does 6 divide 93380484?
True
Is 11568808 a multiple of 479?
True
Does 1247 divide 345125955?
True
Does 125 divide 182280777?
False
Does 677 divide 38731509?
False
Is 3 a factor of 407644547?
False
Is 41 a factor of 54677272?
True
Is 241321600 a multiple of 1664?
True
Does 12 divide 8199471?
False
Is 876686642 a multiple of 26?
True
Is 18884857 a multiple of 2?
False
Is 487418114 a multiple of 7?
False
Is 22505427 a multiple of 15?
False
Is 151291700 a multiple of 100?
True
Is 56 a factor of 3689560?
True
Does 32 divide 1171613126?
False
Is 1937 a factor of 28072941?
True
Is 137260684 a multiple of 40?
False
Does 13 divide 31587244?
True
Does 54 divide 190896299?
False
Does 9 divide 1100836638?
True
Is 5790 a factor of 3179300580?
True
Is 6343830 a multiple of 10?
True
Is 15 a factor of 898705380?
True
Is 127 a factor of 41574760?
False
Is 165960107 a multiple of 40?
False
Does 46 divide 7497218?
True
Is 37823328 a multiple of 9?
True
Is 1973 a factor of 19627043?
False
Does 1052 divide 16794189?
False
Is 121912290 a multiple of 6?
True
Is 2742 a factor of 860512459?
False
Does 324 divide 102848417?
False
Is 388480720 a multiple of 1510?
True
Does 59 divide 1619738800?
True
Is 5991931 a multiple of 662?
False
Is 203243200 a multiple of 2360?
True
Is 764390532 a multiple of 15?
False
Does 66 divide 345533387?
False
Does 875 divide 352201500?
True
Does 134 divide 21342582?
True
Is 48857806 a multiple of 57?
False
Is 1932470854 a multiple of 3587?
False
Does 138 divide 196609138?
False
Is 150 a factor of 21056137?
False
Is 101237460 a multiple of 60?
True
Does 7000 divide 1308580000?
True
Does 110 divide 1318118120?
True
Is 221 a factor of 42349295?
False
Does 113 divide 41759562?
False
Does 1216 divide 48025869?
False
Does 413 divide 222110987?
True
Does 11 divide 65433269?
True
Is 40098692 a multiple of 2402?
False
Is 107590932 a multiple of 1389?
False
Does 1760 divide 699300800?
True
Is 350 a factor of 772721171?
False
Is 179431479 a multiple of 9?
True
Is 56492674 a multiple of 14?
True
Is 2932023228 a multiple of 12?
True
Is 38 a factor of 32634752?
False
Is 166780283 a multiple of 63?
False
Is 3369 a factor of 87785270?
False
Is 392886032 a multiple of 56?
True
Is 12037380 a multiple of 1317?
True
Is 1000 a factor of 63906000?
True
Is 4897 a factor of 253752746?
True
Is 61202570 a multiple of 65?
True
Is 175143472 a multiple of 56?
True
Is 437266783 a multiple of 9?
False
Does 235 divide 181306965?
True
Does 76 divide 39873092?
False
Is 256719060 a multiple of 78?
True
Is 8275 a factor of 560366450?
True
Is 37 a factor of 31414925?
False
Is 2880454590 a multiple of 5239?
True
Is 134978527 a multiple of 42?
False
Is 2693752597 a multiple of 4152?
False
Is 49 a factor of 3500699?
False
Is 9 a factor of 856989621?
True
Is 441071422 a multiple of 3822?
False
Is 9 a factor of 419608748?
False
Is 405710773 a multiple of 1513?
False
Does 344 divide 57953749?
False
Is 30266971 a multiple of 146?
False
Is 112 a factor of 178945333?
False
Is 12211948 a multiple of 28?
True
Is 595668032 a multiple of 64?
True
Is 198 a factor of 19124424?
True
Does 21 divide 8133918?
False
Is 108169692 a multiple of 21?
False
Does 2196 divide 53382564?
True
Is 3335270608 a multiple of 8329?
False
Does 171 divide 17695593?
True
Does 106 divide 46969180?
False
Is 5662 a factor of 484429396?
True
Does 121 divide 293679864?
False
Is 1639 a factor of 833079288?
False
Does 162 divide 345688751?
False
Does 136 divide 76599960?
True
Is 924767069 a multiple of 29?
False
Does 57 divide 326886564?
True
Is 229 a factor of 793743770?
True
Is 94 a factor of 1199438789?
False
Is 197358510 a multiple of 30?
True
Is 364 a factor of 599010383?
False
Does 2238 divide 18718632?
True
Is 26 a factor of 16997591?
False
Does 960 divide 283881?
False
Does 56 divide 291765264?
True
Does 525 divide 101879081?
False
Is 202716888 a multiple of 6?
True
Is 21 a factor of 133341936?
True
Is 482251045 a multiple of 102?
False
Does 13 divide 165685154?
False
Is 1028860419 a multiple of 2947?
False
Does 138 divide 79649874?
True
Does 5 divide 29445607?
False
Does 294 divide 48664644?
True
Does 29 divide 61701821?
True
Is 405987411 a multiple of 811?
True
Is 97518601 a multiple of 58?
False
Does 12 divide 346975800?
True
Is 15 a factor of 93787812?
False
Does 21 divide 61903842?
True
Is 13331310 a multiple of 890?
True
Is 2425 a factor of 83081848?
False
Is 186099224 a multiple of 152?
True
Is 127 a factor of 511271139?
True
Is 9 a factor of 164271171?
False
Is 97 a factor of 16676139?
False
Is 12113001 a multiple of 360?
False
Does 83 divide 1781459129?
True
Is 21 a factor of 1009154?
False
Is 486486693 a multiple of 1037?
False
Is 346 a factor of 16876327?
False
Does 8 divide 325314424?
True
Does 103 divide 188371883?
False
Does 798 divide 29618731?
False
Is 23 a factor of 777586700?
False
Does 13 divide 1877111145?
True
Is 158064422 a multiple of 10?
False
Is 351180244 a multiple of 42?
False
Is 12 a factor of 75558861?
False
Is 175113192 a multiple of 136?
True
Is 1389 a factor of 123352643?
False
Is 466232411 a multiple of 45?
False
Is 119727000 a multiple of 636?
True
Is 514 a factor of 139529135?
False
Is 3466388329 a multiple of 271?
False
Is 599041429 a multiple of 29?
True
Does 789 divide 1239643662?
True
Is 111 a factor of 37002405?
True
Is 1799369618 a multiple of 5?
False
Does 136 divide 273014105?
False
Is 151241238 a multiple of 207?
True
Is 217 a factor of 104212514?
True
Is 14 a factor of 532047656?
True
Is 4 a factor of 79812942?
False
Does 233 divide 276459395?
False
Does 9 divide 99423873?
True
Is 30 a factor of 4120290?
True
Is 776255030 a multiple of 4058?
False
Does 12 divide 23089644?
True
Is 36775130 a multiple of 57?
False
Is 9 a factor of 590538589?
False
Is 52328088 a multiple of 18?
True
Is 18340060 a multiple of 17?
False
Is 323 a factor of 100969154?
True
Is 33 a factor of 716336116?
False
Is 1688 a factor of 568923833?
False
Is 217 a factor of 49684103?
True
Does 383 divide 228734433?
False
Does 11 divide 333020781?
False
Does 1724 divide 142924772?
True
Does 68 divide 455372812?
True
Is 43 a factor of 1519047?
False
Is 6 a factor of 11931381?
False
Is 378274375 a multiple of 25?
True
Does 543 divide 19723389?
True
Does 220 divide 1619444361?
False
Is 6056470 a multiple of 155?
True
Does 80 divide 70398310?
False
Does 221 divide 20628803?
True
Is 97 a factor of 18161029?
False
Is 1573578868 a multiple of 192?
False
Does 20 divide 572170945?
False
Is 11 a factor of 298323925?
False
Does 67 divide 19069868?
False
Is 155 a factor of 219968405?
True
Does 802 divide 336675752?
False
Does 10 divide 27760103?
False
Is 420 a factor of 23771042?
False
Is 12539241 a multiple of 6?
False
Does 4 divide 15463274?
False
Is 556 a factor of 255773344?
True
Is 216474928 a multiple of 349?
True
Is 6367052 a multiple of 232?
False
Is 3008 a factor of 1692397056?
True
Is 418406324 a multiple of 3?
False
Is 17052597 a multiple of 123?
True
Is 817883032 a multiple of 3?
False
Is 6757950 a multiple of 50?
True
Is 24 a factor of 327529680?
True
Is 599251533 a multiple of 219?
False
Does 1449 divide 1138081175?
False
Does 5 divide 183889502?
False
Does 19 divide 146672690?
False
Is 8 a factor of 7085259?
False
Does 37 divide 238630760?
True
Is 706307389 a multiple of 25?
False
Is 7703 a factor of 69416667?
False
Is 10 a factor of 2443371040?
True
Does 301 divide 535907820?
False
Is 165167975 a multiple of 73?
True
Is 2615103326 a multiple of 11?
True
Is 19749689 a multiple of 21?
False
Is 734 a factor of 380757351?
False
Is 1617087340 a multiple of 869?
True
Is 26830414 a multiple of 50?
False
Does 600 divide 29296800?
True
Is 31358421 a multiple of 170?
False
Does 48 divide 117360192?
True
Is 1044167975 a multiple of 5051?
True
Is 22 a factor of 674288978?
True
Is 88940969 a multiple of 29?
False
Does 5 divide 1930787592?
False
Is 2024 a factor of 421815768?
True
Does 661 divide 97235878?
False
Is 13 a factor of 119239457?
False
Is 129582878 a multiple of 131?
False
Is 19111314 a multiple of 74?
True
Is 170094575 a multiple of 5705?
True
Is 42 a factor of 156792419?
False
Does 13 divide 25493260?
Tru